{"id":927,"date":"2022-12-16T10:49:03","date_gmt":"2022-12-16T09:49:03","guid":{"rendered":"https:\/\/erine-fleur.com\/?page_id=927"},"modified":"2023-07-19T15:09:48","modified_gmt":"2023-07-19T13:09:48","slug":"boutique","status":"publish","type":"page","link":"https:\/\/erine-fleur.com\/?page_id=927","title":{"rendered":"Boutique"},"content":{"rendered":"<p>[et_pb_section fb_built=\u00a0\u00bb1&Prime; _builder_version=\u00a0\u00bb4.19.3&Prime; _module_preset=\u00a0\u00bbdefault\u00a0\u00bb global_colors_info=\u00a0\u00bb{}\u00a0\u00bb][et_pb_row column_structure=\u00a0\u00bb1_2,1_2&Prime; _builder_version=\u00a0\u00bb4.19.3&Prime; _module_preset=\u00a0\u00bbdefault\u00a0\u00bb min_height=\u00a0\u00bb804.8px\u00a0\u00bb custom_padding=\u00a0\u00bb||0px|||\u00a0\u00bb global_colors_info=\u00a0\u00bb{}\u00a0\u00bb][et_pb_column type=\u00a0\u00bb1_2&Prime; _builder_version=\u00a0\u00bb4.19.3&Prime; _module_preset=\u00a0\u00bbdefault\u00a0\u00bb global_colors_info=\u00a0\u00bb{}\u00a0\u00bb][et_pb_text _builder_version=\u00a0\u00bb4.21.0&Prime; _module_preset=\u00a0\u00bbdefault\u00a0\u00bb custom_margin=\u00a0\u00bb2px|||||\u00a0\u00bb global_colors_info=\u00a0\u00bb{}\u00a0\u00bb]<\/p>\n<div class=\"et_pb_column et_pb_column_1_2 et_pb_column_0  et_pb_css_mix_blend_mode_passthrough\">\n<div class=\"et_pb_module et_pb_text et_pb_text_0  et_pb_text_align_left et_pb_bg_layout_light\">\n<div class=\"et_pb_text_inner\">\n<h2 style=\"text-align: justify;\"><span style=\"color: #800000;\">Entrer dans la boutique Art et Fleur, c\u2019est\u00a0<\/span><span style=\"color: #800000;\">d\u2019abord avoir la certitude d\u2019en ressortir avec la\u00a0<\/span><span style=\"color: #800000;\">fleur, le bouquet ou la composition florale que <\/span><span style=\"color: #800000;\">correspondra la mieux \u00e0 votre d\u00e9sir, \u00e0 votre\u00a0<\/span><span style=\"color: #800000;\">bourse et \u00e0 toutes vos exigences.<\/span><\/h2>\n<h2 style=\"text-align: justify;\"><span style=\"color: #800000;\">Mais surtout, dans notre boutique, pleine du frais <\/span><span style=\"color: #800000;\">ar\u00f4me des fleurs, vous serez toujours accueille <\/span><span style=\"color: #800000;\">avec le sourire et comme un h\u00f4te quand bien <\/span><span style=\"color: #800000;\">m\u00eame vous en viendrez que pour in conseil car <\/span><span style=\"color: #800000;\">nous avons une r\u00e8gle d\u2019or : votre enti\u00e8re <\/span><span style=\"color: #800000;\">satisfaction.<\/span><\/h2>\n<\/div>\n<\/div>\n<\/div>\n<p>[\/et_pb_text][\/et_pb_column][et_pb_column type=\u00a0\u00bb1_2&Prime; _builder_version=\u00a0\u00bb4.19.3&Prime; _module_preset=\u00a0\u00bbdefault\u00a0\u00bb global_colors_info=\u00a0\u00bb{}\u00a0\u00bb][et_pb_image src=\u00a0\u00bbhttps:\/\/erine-fleur.com\/wp-content\/uploads\/2020\/12\/117766774_187428482740900_8634593127858690433_n.jpg\u00a0\u00bb title_text=\u00a0\u00bb117766774_187428482740900_8634593127858690433_n\u00a0\u00bb _builder_version=\u00a0\u00bb4.19.3&Prime; _module_preset=\u00a0\u00bbdefault\u00a0\u00bb global_colors_info=\u00a0\u00bb{}\u00a0\u00bb][\/et_pb_image][\/et_pb_column][\/et_pb_row][\/et_pb_section]<\/p>\n","protected":false},"excerpt":{"rendered":"<p>Entrer dans la boutique Art et Fleur, c\u2019est\u00a0d\u2019abord avoir la certitude d\u2019en ressortir avec la\u00a0fleur, le bouquet ou la composition florale que correspondra la mieux \u00e0 votre d\u00e9sir, \u00e0 votre\u00a0bourse et \u00e0 toutes vos exigences. Mais surtout, dans notre boutique, pleine du frais ar\u00f4me des fleurs, vous serez toujours accueille avec le sourire et comme [&hellip;]<\/p>\n","protected":false},"author":2,"featured_media":0,"parent":0,"menu_order":0,"comment_status":"closed","ping_status":"closed","template":"","meta":{"_et_pb_use_builder":"on","_et_pb_old_content":"","_et_gb_content_width":"","footnotes":""},"class_list":["post-927","page","type-page","status-publish","hentry"],"yoast_head":"<!-- This site is optimized with the Yoast SEO plugin v26.8 - https:\/\/yoast.com\/product\/yoast-seo-wordpress\/ -->\n<title>Boutique - Art et Fleur<\/title>\n<meta name=\"robots\" content=\"index, follow, max-snippet:-1, max-image-preview:large, max-video-preview:-1\" \/>\n<link rel=\"canonical\" href=\"https:\/\/erine-fleur.com\/?page_id=927\" \/>\n<meta property=\"og:locale\" content=\"fr_FR\" \/>\n<meta property=\"og:type\" content=\"article\" \/>\n<meta property=\"og:title\" content=\"Boutique - Art et Fleur\" \/>\n<meta property=\"og:description\" content=\"Entrer dans la boutique Art et Fleur, c\u2019est\u00a0d\u2019abord avoir la certitude d\u2019en ressortir avec la\u00a0fleur, le bouquet ou la composition florale que correspondra la mieux \u00e0 votre d\u00e9sir, \u00e0 votre\u00a0bourse et \u00e0 toutes vos exigences. Mais surtout, dans notre boutique, pleine du frais ar\u00f4me des fleurs, vous serez toujours accueille avec le sourire et comme [&hellip;]\" \/>\n<meta property=\"og:url\" content=\"https:\/\/erine-fleur.com\/?page_id=927\" \/>\n<meta property=\"og:site_name\" content=\"Art et Fleur\" \/>\n<meta property=\"article:modified_time\" content=\"2023-07-19T13:09:48+00:00\" \/>\n<meta property=\"og:image\" content=\"https:\/\/erine-fleur.com\/wp-content\/uploads\/2022\/12\/logo.jpg\" \/>\n\t<meta property=\"og:image:width\" content=\"1776\" \/>\n\t<meta property=\"og:image:height\" content=\"537\" \/>\n\t<meta property=\"og:image:type\" content=\"image\/jpeg\" \/>\n<meta name=\"twitter:card\" content=\"summary_large_image\" \/>\n<meta name=\"twitter:label1\" content=\"Dur\u00e9e de lecture estim\u00e9e\" \/>\n\t<meta name=\"twitter:data1\" content=\"1 minute\" \/>\n<script type=\"application\/ld+json\" class=\"yoast-schema-graph\">{\"@context\":\"https:\/\/schema.org\",\"@graph\":[{\"@type\":\"WebPage\",\"@id\":\"https:\/\/erine-fleur.com\/?page_id=927\",\"url\":\"https:\/\/erine-fleur.com\/?page_id=927\",\"name\":\"Boutique - Art et Fleur\",\"isPartOf\":{\"@id\":\"https:\/\/erine-fleur.com\/#website\"},\"datePublished\":\"2022-12-16T09:49:03+00:00\",\"dateModified\":\"2023-07-19T13:09:48+00:00\",\"breadcrumb\":{\"@id\":\"https:\/\/erine-fleur.com\/?page_id=927#breadcrumb\"},\"inLanguage\":\"fr-FR\",\"potentialAction\":[{\"@type\":\"ReadAction\",\"target\":[\"https:\/\/erine-fleur.com\/?page_id=927\"]}]},{\"@type\":\"BreadcrumbList\",\"@id\":\"https:\/\/erine-fleur.com\/?page_id=927#breadcrumb\",\"itemListElement\":[{\"@type\":\"ListItem\",\"position\":1,\"name\":\"Accueil\",\"item\":\"https:\/\/erine-fleur.com\/\"},{\"@type\":\"ListItem\",\"position\":2,\"name\":\"Boutique\"}]},{\"@type\":\"WebSite\",\"@id\":\"https:\/\/erine-fleur.com\/#website\",\"url\":\"https:\/\/erine-fleur.com\/\",\"name\":\"Art et Fleur\",\"description\":\"Boutique de fleur \u00e0 Gap\",\"potentialAction\":[{\"@type\":\"SearchAction\",\"target\":{\"@type\":\"EntryPoint\",\"urlTemplate\":\"https:\/\/erine-fleur.com\/?s={search_term_string}\"},\"query-input\":{\"@type\":\"PropertyValueSpecification\",\"valueRequired\":true,\"valueName\":\"search_term_string\"}}],\"inLanguage\":\"fr-FR\"}]}<\/script>\n<!-- \/ Yoast SEO plugin. -->","yoast_head_json":{"title":"Boutique - Art et Fleur","robots":{"index":"index","follow":"follow","max-snippet":"max-snippet:-1","max-image-preview":"max-image-preview:large","max-video-preview":"max-video-preview:-1"},"canonical":"https:\/\/erine-fleur.com\/?page_id=927","og_locale":"fr_FR","og_type":"article","og_title":"Boutique - Art et Fleur","og_description":"Entrer dans la boutique Art et Fleur, c\u2019est\u00a0d\u2019abord avoir la certitude d\u2019en ressortir avec la\u00a0fleur, le bouquet ou la composition florale que correspondra la mieux \u00e0 votre d\u00e9sir, \u00e0 votre\u00a0bourse et \u00e0 toutes vos exigences. Mais surtout, dans notre boutique, pleine du frais ar\u00f4me des fleurs, vous serez toujours accueille avec le sourire et comme [&hellip;]","og_url":"https:\/\/erine-fleur.com\/?page_id=927","og_site_name":"Art et Fleur","article_modified_time":"2023-07-19T13:09:48+00:00","og_image":[{"width":1776,"height":537,"url":"https:\/\/erine-fleur.com\/wp-content\/uploads\/2022\/12\/logo.jpg","type":"image\/jpeg"}],"twitter_card":"summary_large_image","twitter_misc":{"Dur\u00e9e de lecture estim\u00e9e":"1 minute"},"schema":{"@context":"https:\/\/schema.org","@graph":[{"@type":"WebPage","@id":"https:\/\/erine-fleur.com\/?page_id=927","url":"https:\/\/erine-fleur.com\/?page_id=927","name":"Boutique - Art et Fleur","isPartOf":{"@id":"https:\/\/erine-fleur.com\/#website"},"datePublished":"2022-12-16T09:49:03+00:00","dateModified":"2023-07-19T13:09:48+00:00","breadcrumb":{"@id":"https:\/\/erine-fleur.com\/?page_id=927#breadcrumb"},"inLanguage":"fr-FR","potentialAction":[{"@type":"ReadAction","target":["https:\/\/erine-fleur.com\/?page_id=927"]}]},{"@type":"BreadcrumbList","@id":"https:\/\/erine-fleur.com\/?page_id=927#breadcrumb","itemListElement":[{"@type":"ListItem","position":1,"name":"Accueil","item":"https:\/\/erine-fleur.com\/"},{"@type":"ListItem","position":2,"name":"Boutique"}]},{"@type":"WebSite","@id":"https:\/\/erine-fleur.com\/#website","url":"https:\/\/erine-fleur.com\/","name":"Art et Fleur","description":"Boutique de fleur \u00e0 Gap","potentialAction":[{"@type":"SearchAction","target":{"@type":"EntryPoint","urlTemplate":"https:\/\/erine-fleur.com\/?s={search_term_string}"},"query-input":{"@type":"PropertyValueSpecification","valueRequired":true,"valueName":"search_term_string"}}],"inLanguage":"fr-FR"}]}},"_links":{"self":[{"href":"https:\/\/erine-fleur.com\/index.php?rest_route=\/wp\/v2\/pages\/927","targetHints":{"allow":["GET"]}}],"collection":[{"href":"https:\/\/erine-fleur.com\/index.php?rest_route=\/wp\/v2\/pages"}],"about":[{"href":"https:\/\/erine-fleur.com\/index.php?rest_route=\/wp\/v2\/types\/page"}],"author":[{"embeddable":true,"href":"https:\/\/erine-fleur.com\/index.php?rest_route=\/wp\/v2\/users\/2"}],"replies":[{"embeddable":true,"href":"https:\/\/erine-fleur.com\/index.php?rest_route=%2Fwp%2Fv2%2Fcomments&post=927"}],"version-history":[{"count":7,"href":"https:\/\/erine-fleur.com\/index.php?rest_route=\/wp\/v2\/pages\/927\/revisions"}],"predecessor-version":[{"id":1012,"href":"https:\/\/erine-fleur.com\/index.php?rest_route=\/wp\/v2\/pages\/927\/revisions\/1012"}],"wp:attachment":[{"href":"https:\/\/erine-fleur.com\/index.php?rest_route=%2Fwp%2Fv2%2Fmedia&parent=927"}],"curies":[{"name":"wp","href":"https:\/\/api.w.org\/{rel}","templated":true}]}}